st common factor of 176 and q?
16
Suppose 64*j + 68*j + 9180 = 147*j. What is the highest common divisor of 666 and j?
18
Let j = 2004 + -754. What is the highest common divisor of 50 and j?
50
Let g(x) = -4*x - 30. Let j be g(-7). Let i be j + 2/2 + 32. What is the greatest common divisor of 31 and i?
31
Let m be 58/(-145)*((-105)/6 - 0). Calculate the highest common divisor of 329 and m.
7
Let p = -1136 - -1883. Let u be (-3)/5 + (p/(-15))/(-3). What is the greatest common factor of 16 and u?
16
Let i = -56 - -89. Suppose -3*s + i = -117. What is the highest common factor of 2 and s?
2
Let h(v) = -v**2 - 64*v - 274. Let a be h(-31). What is the highest common divisor of a and 21?
7
Suppose 3230*s = 3189*s + 843452. Calculate the greatest common divisor of s and 37.
37
Let s(x) = -26*x + 126. Let p be s(4). What is the highest common factor of p and 3674?
22
Suppose f - 4 - 6 = 0. Let b be (-6)/f - (-4773)/10*2. Suppose 2*r + 2*v - b = -3*r, 0 = -3*r + 4*v + 562. What is the greatest common factor of 76 and r?
38
Suppose 0 = -d + 2*n + 330, -8*d + 33*n = 35*n - 2694. What is the greatest common divisor of d and 60?
12
Suppose -6 = -4*c + c. Suppose c*u = m, -4*m + 3*m - 3*u = -25. Suppose -m*p + 444 = 2*p. What is the greatest common divisor of 259 and p?
37
Let f be 7*(42/(-7) - -61). What is the highest common divisor of 140 and f?
35
Let i be (10688/640 + 3/(-15))*472/6. What is the highest common factor of 2714 and i?
118
Let a = 9933 + 13567. Let f be 2/(-29) - a/(-145). Calculate the highest common factor of 6 and f.
6
Let x = 1 + 9. Suppose -x*i - 15 = -11*i. Calculate the highest common factor of 240 and i.
15
Suppose i + 388 = 4*u, 0 = 4*u + 5*i - 603 + 191. What is the greatest common divisor of 1764 and u?
98
Let c be 30 - 542/18 - (-855606)/27. What is the highest common factor of c and 21?
21
Let x(u) = 7*u**2 + 39*u - 42. Let g be x(-9). Calculate the greatest common factor of g and 1131.
87
Let j = 628 + -148. Suppose -4*q - 35*b + 33*b = -j, 3*q + 2*b - 358 = 0. What is the greatest common divisor of 427 and q?
61
Suppose -1272 + 5016 = 39*v. What is the highest common divisor of 1296 and v?
48
Let d(a) = -4*a - 47. Let p be d(-11). Let q be (-2 + (-5)/p)/(6/(-108)). Calculate the highest common factor of q and 24.
6
Suppose -202*b - 672 = 232*b - 482*b. Let s be 5 - (-1 + 1 + -1). Suppose -2*x = -s*x + 8. What is the highest common factor of b and x?
2
Let g(z) = -2*z**3 - 10*z**2 + 691*z + 4865. Let n be g(-7). Let q be -2*3*(-21)/6. Calculate the greatest common factor of q and n.
7
Suppose -23*o - 840 + 6360 = 0. What is the highest common divisor of 528 and o?
48
Let a be 1/(-9)*-2 - 916/(-9). Let u = 26 + a. Let f(y) = 3*y - 2. Let w be f(6). What is the greatest common divisor of w and u?
16
Let h = 7092 + -2304. What is the highest common divisor of h and 112?
28
Suppose 4*g = 2*g + 322. Let i(x) = 26*x + 40. Let b be i(-1). Calculate the highest common divisor of b and g.
7
Suppose 0 = -4*n - 24*n - 6*n + 175950. What is the greatest common factor of 15 and n?
15
Let c = -98 - -116. What is the highest common divisor of c and 1422?
18
Let p = 26439 + -26335. Calculate the greatest common factor of 816 and p.
8
Let h be 1*(-11 - -2)*(33 - 40). What is the greatest common factor of h and 387?
9
Let o(q) = q**2 + 8*q - 16. Let s = 8 - 19. Let y be o(s). Let c be (-1920)/(-15) - (-2 - 6). Calculate the highest common factor of y and c.
17
Suppose -l = 2*c - 11, -3*c - 6 + 24 = 2*l. Let k = -13 + 103. Suppose 3*n + k = 13*n. What is the highest common divisor of l and n?
3
Suppose 1188*m - 1199*m = -24321. What is the highest common factor of m and 99?
33
Suppose -3*x + 3*z + 279 = 0, -3*x + 0*z - 3*z + 309 = 0. What is the highest common factor of 259 and x?
7
Suppose 2*i - 6*i = -1761 + 357. What is the highest common factor of i and 90?
9
Let f be 53/((-2173)/(-328)) - (-3)/((-9)/(-30)). Let z be 2964/15 - (-4)/10. What is the highest common divisor of f and z?
18
Suppose 16 = 2*d - 3*j - 9, 2*j = 4*d - 38. Calculate the greatest common divisor of d and 1696.
8
Suppose 12*i + 2*c = 10*i + 436, -2*c - 649 = -3*i. What is the greatest common factor of 186 and i?
31
Let r be 3 - 3/(9/(-33)). Suppose 4*k + 21 = 17. Let a be (-1*139)/k + (16 - 15). What is the highest common factor of r and a?
14
Let a be -918*(-45)/(-60)*(-48)/18. What is the greatest common factor of a and 162?
54
Suppose -53 + 2825 = 18*p. Let i(d) = -d**3 - 2*d**2 - 1. Let y be i(2). Let h = y - -31. What is the greatest common divisor of p and h?
14
Suppose -51965 = -19*b - 51737. Calculate the greatest common factor of 4332 and b.
12
Let u = 1152 - 1077. Suppose 0 = 3*i + x - 6*x + 15, -3*i - 6 = -2*x. Suppose i = -4*f + 115 + 5. Calculate the highest common factor of f and u.
15
Let n = -11 + 57. Suppose 130 = 15*g - 1250. Suppose g*u - 87*u = 2530. What is the greatest common divisor of n and u?
46
Let p(n) = 11*n**2 - 2*n. Let r be p(2). Suppose 4*g + 243*l = 248*l + 235, 179 = 3*g - l. What is the highest common factor of g and r?
20
Let l(u) = 5*u + 25. Let s be l(-5). Let x be 2/6 - s - (-280)/24. Let a be (-6120)/(-595)*(-28)/(-3). Calculate the greatest common divisor of x and a.
12
Suppose 2607 = 8*t + 7*t - 1713. What is the highest common factor of 672 and t?
96
Let n = -36 - -39. Suppose -n*w + k - 335 = 0, -4*k = -4*w - 152 - 292. Let i be w/(-20)*(-5)/(-2). What is the highest common factor of i and 126?
14
Let n be (39 + -319)/(-40)*30. Let q(j) = -j**3 + 6*j**2 + 4*j. Let h be q(5). Calculate the highest common factor of n and h.
15
Let z be (6/(-63)*-119 + -1)*(335 + -2). Calculate the greatest common divisor of 558 and z.
93
Suppose -152 = -23*v + 122*v - 1934. Calculate the highest common factor of 219 and v.
3
Let q(z) = 34 - z - 146*z**3 + 286*z**3 - 139*z**3 - 8*z**2. Let o be q(8). Calculate the greatest common factor of o and 26.
26
Let l = -76 + 80. Suppose -5*m - 5*t = -60, -l*m + 29 - 5 = -4*t. What is the greatest common divisor of 369 and m?
9
Let s = 365 + -323. What is the greatest common divisor of s and 154?
14
Suppose 4*u + 6*a - 410 = 0, -2*a = 85*u - 82*u - 320. Calculate the greatest common divisor of u and 330.
110
Let a(v) = 21*v + 2126. Let k be a(21). Calculate the greatest common divisor of k and 302.
151
Let v(u) = -222*u**3 - 2*u**2 + 1. Let p be v(1). Suppose 2*f - 686 = -4*h, -415 = -4*f + h + 921. Let l = f + p. What is the highest common factor of 14 and l?
14
Let k = -208 - -204. Let m be 2336/6 - -1 - k/(-12). Calculate the highest common factor of m and 30.
30
Suppose 0 = 5*y + 192 - 227. Let w be ((-10)/(-35) - 16/y) + 5. Suppose -12*p - w*p + 405 = 0. What is the greatest common factor of 9 and p?
9
Let q = 26 - 17. Let m be (4/3)/((-23)/(41814/(-12))). Let w = -130 + m. Calculate the greatest common factor of q and w.
9
Let f be (39/2)/(134/132 - 17/17). Calculate the highest common divisor of f and 792.
99
Suppose -120 = j - 5*g, g = 15*j - 12*j + 402. Let q = -129 - j. What is the greatest common divisor of q and 54?
6
Let w(h) = 36*h + 1506. Let a be w(-26). What is the greatest common divisor of 38 and a?
38
Let j(q) = -171*q - 242. Let t be j(-6). What is the highest common divisor of t and 64?
16
Let w(d) = 5*d**2 + 7*d - 6. Let t(a) = -3*a - 25. Let v be t(-16). Let b = -17 + v. Let y be w(b). What is the highest common factor of y and 36?
36
Let o be (0 - 312/42)/(4/(-42)). What is the greatest common factor of 494 and o?
26
Let h = 1359 + -1279. Calculate the greatest common factor of 35 and h.
5
Let o = 73 + -57. Let l be (o/(-2))/4*-14. Let j be (-4)/(-10)*(163 - -12). What is the greatest common factor of l and j?
14
Let g(i) = -2*i + 5. Suppose 12 = q + 5*k, 4*q - 2*k = 3*k - 27. Let u be g(q). Suppose -5 - u = -o. What is the greatest common divisor of 80 and o?
16
Let j(c) = -7*c**2 + 356*c + 163. Let v be j(51). Let q(f) = -4*f. Let x be q(-2). Calculate the highest common divisor of v and x.
8
Suppose 3*y - 4*y = -2*y. Let p(f) = f + 6. Let q be p(y). What is the highest common factor of 48 and q?
6
Suppose -3*r + 2998 = 5*n, -47*r = -4*n - 42*r + 2428. Calculate the greatest common divisor of 280 and n.
14
Let w(x) = -3*x**2 + 63*x + 15. Let q be w(21). Let t be (91/105 + (-1)